{"id":501,"date":"2023-08-11T10:08:37","date_gmt":"2023-08-11T08:08:37","guid":{"rendered":"http:\/\/welcome.boutdevolcan.fr\/?page_id=501"},"modified":"2024-07-11T09:33:07","modified_gmt":"2024-07-11T07:33:07","slug":"autour-du-gite","status":"publish","type":"page","link":"https:\/\/welcome.boutdevolcan.fr\/index.php\/bienvenue\/autour-du-gite\/","title":{"rendered":"Autour du g\u00eete"},"content":{"rendered":"\n<p class=\"has-drop-cap\">Notre g\u00eete est id\u00e9al pour les personnes qui recherchent un endroit calme et reposant, tout en \u00e9tant \u00e0 proximit\u00e9 de toutes les activit\u00e9s de la ville. Nous sommes situ\u00e9s \u00e0 quelques minutes en voiture du centre-ville, tout en \u00e9tant \u00e9galement proche de la campagne. ous avons list\u00e9 plusieurs activit\u00e9s pour que vous passiez un s\u00e9jour inoubliable chez nous ! <\/p>\n\n\n\n<p>Que vous soyez un fan de plein air ou de culture, vous trouverez quelque chose \u00e0 votre go\u00fbt.<\/p>\n\n\n\n<div class=\"wp-block-group\"><div class=\"wp-block-group__inner-container is-layout-constrained wp-block-group-is-layout-constrained\">\n<div class=\"wp-block-columns alignfull is-layout-flex wp-container-core-columns-is-layout-9d6595d7 wp-block-columns-is-layout-flex\">\n<div class=\"wp-block-column is-layout-flow wp-block-column-is-layout-flow\">\n<div class=\"wp-block-uagb-image aligncenter uagb-block-adc876a2 wp-block-uagb-image--layout-default wp-block-uagb-image--effect-zoomin wp-block-uagb-image--align-center\"><figure class=\"wp-block-uagb-image__figure\"><a class=\"\" href=\"https:\/\/welcome.boutdevolcan.fr\/index.php\/bienvenue\/autour-du-gite\/transport\/\" target=\"\" rel=\"noopener\"><img decoding=\"async\" srcset=\"https:\/\/welcome.boutdevolcan.fr\/wp-content\/uploads\/2023\/08\/Icon-Bus.png \" sizes=\"auto, (max-width: 480px) 150px\" src=\"https:\/\/welcome.boutdevolcan.fr\/wp-content\/uploads\/2023\/08\/Icon-Bus.png\" alt=\"\" class=\"uag-image-103\" width=\"70\" height=\"72\" title=\"\" loading=\"lazy\" role=\"img\"\/><\/a><\/figure><\/div>\n\n\n\n<h3 class=\"wp-block-heading\" style=\"font-size:24px;line-height:1.3\"><strong><a href=\"https:\/\/welcome.boutdevolcan.fr\/index.php\/bienvenue\/autour-du-gite\/transport\/\" data-type=\"page\" data-id=\"528\">Transport \u2197<\/a><\/strong><\/h3>\n\n\n\n<p>Quelques informations sur les moyens de transport \u00e0 proximit\u00e9<\/p>\n<\/div>\n\n\n\n<div class=\"wp-block-column is-layout-flow wp-block-column-is-layout-flow\">\n<div class=\"wp-block-uagb-image aligncenter uagb-block-f9a0a0dc wp-block-uagb-image--layout-default wp-block-uagb-image--effect-zoomin wp-block-uagb-image--align-center\"><figure class=\"wp-block-uagb-image__figure\"><img decoding=\"async\" srcset=\"https:\/\/welcome.boutdevolcan.fr\/wp-content\/uploads\/2023\/08\/Icon-Medical.png \" sizes=\"auto, (max-width: 480px) 150px\" src=\"https:\/\/welcome.boutdevolcan.fr\/wp-content\/uploads\/2023\/08\/Icon-Medical.png\" alt=\"M\u00e9dical\" class=\"uag-image-161\" width=\"70\" height=\"72\" title=\"\" loading=\"lazy\" role=\"img\"\/><\/figure><\/div>\n\n\n\n<h3 class=\"wp-block-heading\" style=\"font-size:24px;line-height:1.3\"><a href=\"http:\/\/welcome.boutdevolcan.fr\/index.php\/bienvenue\/digicode\/\" data-type=\"page\" data-id=\"412\">M\u00e9dical <strong>\u2197<\/strong><\/a><\/h3>\n\n\n\n<p>Quelques adresses, nous l&rsquo;esp\u00e9rons vous seront inutiles<\/p>\n<\/div>\n\n\n\n<div class=\"wp-block-column is-layout-flow wp-block-column-is-layout-flow\">\n<div class=\"wp-block-uagb-image aligncenter uagb-block-2b4887b0 wp-block-uagb-image--layout-default wp-block-uagb-image--effect-zoomin wp-block-uagb-image--align-center\"><figure class=\"wp-block-uagb-image__figure\"><img decoding=\"async\" srcset=\"https:\/\/welcome.boutdevolcan.fr\/wp-content\/uploads\/2023\/08\/Icon-Alimentation.png \" sizes=\"auto, (max-width: 480px) 150px\" src=\"https:\/\/welcome.boutdevolcan.fr\/wp-content\/uploads\/2023\/08\/Icon-Alimentation.png\" alt=\"Alimentation\" class=\"uag-image-127\" width=\"70\" height=\"72\" title=\"\" loading=\"lazy\" role=\"img\"\/><\/figure><\/div>\n\n\n\n<h3 class=\"wp-block-heading\" style=\"font-size:24px;line-height:1.3\"><strong><a href=\"http:\/\/welcome.boutdevolcan.fr\/index.php\/acces-wifi\/\" data-type=\"page\" data-id=\"81\">Alimentation \u2197<\/a><\/strong><\/h3>\n\n\n\n<p>O\u00f9 faire vos courses<\/p>\n<\/div>\n<\/div>\n<\/div><\/div>\n\n\n\n<div class=\"wp-block-uagb-separator uagb-block-1c114214 wp-block-uagb-separator--icon uag-hide-tab uag-hide-mob\"><div class=\"wp-block-uagb-separator__inner\" style=\"--my-background-image:\"><div class=\"wp-block-uagb-separator-element\"><svg xmlns=\"https:\/\/www.w3.org\/2000\/svg\" viewBox=\"0 0 384 512\"><path d=\"M384 48V512l-192-112L0 512V48C0 21.5 21.5 0 48 0h288C362.5 0 384 21.5 384 48z\"><\/path><\/svg><\/div><\/div><\/div>\n\n\n\n<div class=\"wp-block-group\"><div class=\"wp-block-group__inner-container is-layout-constrained wp-block-group-is-layout-constrained\">\n<div class=\"wp-block-columns alignfull is-layout-flex wp-container-core-columns-is-layout-9d6595d7 wp-block-columns-is-layout-flex\">\n<div class=\"wp-block-column is-layout-flow wp-block-column-is-layout-flow\">\n<div class=\"wp-block-uagb-image aligncenter uagb-block-35a21bb5 wp-block-uagb-image--layout-default wp-block-uagb-image--effect-zoomin wp-block-uagb-image--align-center\"><figure class=\"wp-block-uagb-image__figure\"><img decoding=\"async\" srcset=\"https:\/\/welcome.boutdevolcan.fr\/wp-content\/uploads\/2023\/08\/Icon-Info.png \" sizes=\"auto, (max-width: 480px) 150px\" src=\"https:\/\/welcome.boutdevolcan.fr\/wp-content\/uploads\/2023\/08\/Icon-Info.png\" alt=\"Informations\" class=\"uag-image-128\" width=\"70\" height=\"72\" title=\"\" loading=\"lazy\" role=\"img\"\/><\/figure><\/div>\n\n\n\n<h3 class=\"wp-block-heading\" style=\"font-size:24px;line-height:1.3\"><strong><a href=\"http:\/\/welcome.boutdevolcan.fr\/index.php\/bienvenue\/informations-avant-votre-arrivee\/\" data-type=\"page\" data-id=\"408\">Pratique \u2197<\/a><\/strong><\/h3>\n\n\n\n<p>Quelques commodit\u00e9s \u00e0 proximit\u00e9s<\/p>\n<\/div>\n\n\n\n<div class=\"wp-block-column is-layout-flow wp-block-column-is-layout-flow\">\n<div class=\"wp-block-uagb-image aligncenter uagb-block-32f5f2aa wp-block-uagb-image--layout-default wp-block-uagb-image--effect-zoomin wp-block-uagb-image--align-center\"><figure class=\"wp-block-uagb-image__figure\"><img decoding=\"async\" srcset=\"https:\/\/welcome.boutdevolcan.fr\/wp-content\/uploads\/2023\/08\/Icon-Tourisme.png \" sizes=\"auto, (max-width: 480px) 150px\" src=\"https:\/\/welcome.boutdevolcan.fr\/wp-content\/uploads\/2023\/08\/Icon-Tourisme.png\" alt=\"Tourisme\" class=\"uag-image-140\" width=\"70\" height=\"72\" title=\"\" loading=\"lazy\" role=\"img\"\/><\/figure><\/div>\n\n\n\n<h3 class=\"wp-block-heading\" style=\"font-size:24px;line-height:1.3\"><a href=\"http:\/\/welcome.boutdevolcan.fr\/index.php\/bienvenue\/digicode\/\" data-type=\"page\" data-id=\"412\">Tourisme <strong>\u2197<\/strong><\/a><\/h3>\n\n\n\n<p>L&rsquo;essentiel pour organiser votre s\u00e9jour<\/p>\n<\/div>\n<\/div>\n<\/div><\/div>\n","protected":false},"excerpt":{"rendered":"<p>Notre g\u00eete est id\u00e9al pour les personnes qui recherchent un endroit calme et reposant, tout en \u00e9tant \u00e0 proximit\u00e9 de toutes les activit\u00e9s de la ville. Nous sommes situ\u00e9s \u00e0 quelques minutes en voiture du centre-ville, tout en \u00e9tant \u00e9galement proche de la campagne. ous avons list\u00e9 plusieurs activit\u00e9s pour que vous passiez un s\u00e9jour [&hellip;]<\/p>\n","protected":false},"author":1,"featured_media":0,"parent":77,"menu_order":50,"comment_status":"closed","ping_status":"closed","template":"","meta":{"_uag_custom_page_level_css":"","footnotes":""},"class_list":["post-501","page","type-page","status-publish","hentry"],"uagb_featured_image_src":{"full":false,"thumbnail":false,"medium":false,"medium_large":false,"large":false,"1536x1536":false,"2048x2048":false,"post-thumbnail":false,"twentytwenty-fullscreen":false},"uagb_author_info":{"display_name":"djoannet","author_link":"https:\/\/welcome.boutdevolcan.fr\/index.php\/author\/djoannet\/"},"uagb_comment_info":0,"uagb_excerpt":"Notre g\u00eete est id\u00e9al pour les personnes qui recherchent un endroit calme et reposant, tout en \u00e9tant \u00e0 proximit\u00e9 de toutes les activit\u00e9s de la ville. Nous sommes situ\u00e9s \u00e0 quelques minutes en voiture du centre-ville, tout en \u00e9tant \u00e9galement proche de la campagne. ous avons list\u00e9 plusieurs activit\u00e9s pour que vous passiez un s\u00e9jour\u2026","_links":{"self":[{"href":"https:\/\/welcome.boutdevolcan.fr\/index.php\/wp-json\/wp\/v2\/pages\/501","targetHints":{"allow":["GET"]}}],"collection":[{"href":"https:\/\/welcome.boutdevolcan.fr\/index.php\/wp-json\/wp\/v2\/pages"}],"about":[{"href":"https:\/\/welcome.boutdevolcan.fr\/index.php\/wp-json\/wp\/v2\/types\/page"}],"author":[{"embeddable":true,"href":"https:\/\/welcome.boutdevolcan.fr\/index.php\/wp-json\/wp\/v2\/users\/1"}],"replies":[{"embeddable":true,"href":"https:\/\/welcome.boutdevolcan.fr\/index.php\/wp-json\/wp\/v2\/comments?post=501"}],"version-history":[{"count":3,"href":"https:\/\/welcome.boutdevolcan.fr\/index.php\/wp-json\/wp\/v2\/pages\/501\/revisions"}],"predecessor-version":[{"id":545,"href":"https:\/\/welcome.boutdevolcan.fr\/index.php\/wp-json\/wp\/v2\/pages\/501\/revisions\/545"}],"up":[{"embeddable":true,"href":"https:\/\/welcome.boutdevolcan.fr\/index.php\/wp-json\/wp\/v2\/pages\/77"}],"wp:attachment":[{"href":"https:\/\/welcome.boutdevolcan.fr\/index.php\/wp-json\/wp\/v2\/media?parent=501"}],"curies":[{"name":"wp","href":"https:\/\/api.w.org\/{rel}","templated":true}]}}