{"id":492,"date":"2023-08-10T16:25:15","date_gmt":"2023-08-10T14:25:15","guid":{"rendered":"http:\/\/welcome.boutdevolcan.fr\/?page_id=492"},"modified":"2023-08-10T16:25:15","modified_gmt":"2023-08-10T14:25:15","slug":"television-et-musique","status":"publish","type":"page","link":"https:\/\/welcome.boutdevolcan.fr\/index.php\/bienvenue\/informations-pratiques\/television-et-musique\/","title":{"rendered":"T\u00e9l\u00e9vision et musique"},"content":{"rendered":"\n<p class=\"has-drop-cap\">Le t\u00e9l\u00e9viseur est \u00e9quip\u00e9 d&rsquo;un d\u00e9modulateur satellite. Pour allumer la t\u00e9l\u00e9vision et si besoin changer la source, utilisez la t\u00e9l\u00e9commande noire. <\/p>\n\n\n\n<p>Pour allumer le d\u00e9modulateur satellite et changer les chaines, veuillez utiliser la t\u00e9l\u00e9commande de couleur blanche. <\/p>\n\n\n\n<p>Si vous souhaitez \u00e9couter de la musique, le g\u00eete est \u00e9quip\u00e9 d&rsquo;une enceinte bluetooth Ikea mod\u00e8le Eneby.<\/p>\n\n\n\n<figure class=\"wp-block-image size-thumbnail\"><img loading=\"lazy\" decoding=\"async\" width=\"150\" height=\"150\" src=\"http:\/\/welcome.boutdevolcan.fr\/wp-content\/uploads\/2023\/08\/eneby-150x150.jpg\" alt=\"\" class=\"wp-image-493\" srcset=\"https:\/\/welcome.boutdevolcan.fr\/wp-content\/uploads\/2023\/08\/eneby-150x150.jpg 150w, https:\/\/welcome.boutdevolcan.fr\/wp-content\/uploads\/2023\/08\/eneby-300x300.jpg 300w, https:\/\/welcome.boutdevolcan.fr\/wp-content\/uploads\/2023\/08\/eneby.jpg 500w\" sizes=\"auto, (max-width: 150px) 100vw, 150px\" \/><\/figure>\n\n\n\n<p>Pour allumer l&rsquo;enceinte, appuyer sur le bouton rond qui se trouve en facade. Le bouton sert \u00e9galement de molette pour r\u00e9gler le volume sonore. Une fois l&rsquo;enceinte allum\u00e9e, vous pouvez l&rsquo;appairer avec votre t\u00e9l\u00e9phone (un appareil nomm\u00e9 ENEBY doit appara\u00eetre) dans les param\u00e8tres bluetooth de votre t\u00e9l\u00e9phone.<\/p>\n","protected":false},"excerpt":{"rendered":"<p>Le t\u00e9l\u00e9viseur est \u00e9quip\u00e9 d&rsquo;un d\u00e9modulateur satellite. Pour allumer la t\u00e9l\u00e9vision et si besoin changer la source, utilisez la t\u00e9l\u00e9commande noire. Pour allumer le d\u00e9modulateur satellite et changer les chaines, veuillez utiliser la t\u00e9l\u00e9commande de couleur blanche. Si vous souhaitez \u00e9couter de la musique, le g\u00eete est \u00e9quip\u00e9 d&rsquo;une enceinte bluetooth Ikea mod\u00e8le Eneby. Pour [&hellip;]<\/p>\n","protected":false},"author":1,"featured_media":0,"parent":433,"menu_order":20,"comment_status":"closed","ping_status":"closed","template":"","meta":{"_uag_custom_page_level_css":"","footnotes":""},"class_list":["post-492","page","type-page","status-publish","hentry"],"uagb_featured_image_src":{"full":false,"thumbnail":false,"medium":false,"medium_large":false,"large":false,"1536x1536":false,"2048x2048":false,"post-thumbnail":false,"twentytwenty-fullscreen":false},"uagb_author_info":{"display_name":"djoannet","author_link":"https:\/\/welcome.boutdevolcan.fr\/index.php\/author\/djoannet\/"},"uagb_comment_info":0,"uagb_excerpt":"Le t\u00e9l\u00e9viseur est \u00e9quip\u00e9 d&rsquo;un d\u00e9modulateur satellite. Pour allumer la t\u00e9l\u00e9vision et si besoin changer la source, utilisez la t\u00e9l\u00e9commande noire. Pour allumer le d\u00e9modulateur satellite et changer les chaines, veuillez utiliser la t\u00e9l\u00e9commande de couleur blanche. Si vous souhaitez \u00e9couter de la musique, le g\u00eete est \u00e9quip\u00e9 d&rsquo;une enceinte bluetooth Ikea mod\u00e8le Eneby. Pour\u2026","_links":{"self":[{"href":"https:\/\/welcome.boutdevolcan.fr\/index.php\/wp-json\/wp\/v2\/pages\/492","targetHints":{"allow":["GET"]}}],"collection":[{"href":"https:\/\/welcome.boutdevolcan.fr\/index.php\/wp-json\/wp\/v2\/pages"}],"about":[{"href":"https:\/\/welcome.boutdevolcan.fr\/index.php\/wp-json\/wp\/v2\/types\/page"}],"author":[{"embeddable":true,"href":"https:\/\/welcome.boutdevolcan.fr\/index.php\/wp-json\/wp\/v2\/users\/1"}],"replies":[{"embeddable":true,"href":"https:\/\/welcome.boutdevolcan.fr\/index.php\/wp-json\/wp\/v2\/comments?post=492"}],"version-history":[{"count":1,"href":"https:\/\/welcome.boutdevolcan.fr\/index.php\/wp-json\/wp\/v2\/pages\/492\/revisions"}],"predecessor-version":[{"id":494,"href":"https:\/\/welcome.boutdevolcan.fr\/index.php\/wp-json\/wp\/v2\/pages\/492\/revisions\/494"}],"up":[{"embeddable":true,"href":"https:\/\/welcome.boutdevolcan.fr\/index.php\/wp-json\/wp\/v2\/pages\/433"}],"wp:attachment":[{"href":"https:\/\/welcome.boutdevolcan.fr\/index.php\/wp-json\/wp\/v2\/media?parent=492"}],"curies":[{"name":"wp","href":"https:\/\/api.w.org\/{rel}","templated":true}]}}