{"id":473,"date":"2023-08-10T13:05:07","date_gmt":"2023-08-10T11:05:07","guid":{"rendered":"http:\/\/welcome.boutdevolcan.fr\/?page_id=473"},"modified":"2023-08-10T13:05:07","modified_gmt":"2023-08-10T11:05:07","slug":"parking","status":"publish","type":"page","link":"https:\/\/welcome.boutdevolcan.fr\/index.php\/bienvenue\/informations-pratiques\/parking\/","title":{"rendered":"Parking"},"content":{"rendered":"\n<p>La place de parking situ\u00e9e sous l&rsquo;abris vous est r\u00e9serv\u00e9e.<\/p>\n\n\n\n<p>Veuillez faire attention \u00e0 laisser suffisamment de place pour pouvoir sortir les poubelles. <\/p>\n\n\n\n<figure class=\"wp-block-image size-full\"><img loading=\"lazy\" decoding=\"async\" width=\"553\" height=\"460\" src=\"http:\/\/welcome.boutdevolcan.fr\/wp-content\/uploads\/2023\/08\/parking.png\" alt=\"\" class=\"wp-image-474\" style=\"aspect-ratio:4\/3;object-fit:cover\" srcset=\"https:\/\/welcome.boutdevolcan.fr\/wp-content\/uploads\/2023\/08\/parking.png 553w, https:\/\/welcome.boutdevolcan.fr\/wp-content\/uploads\/2023\/08\/parking-300x250.png 300w\" sizes=\"auto, (max-width: 553px) 100vw, 553px\" \/><\/figure>\n\n\n\n<p>Si tel est votre souhait, vous pouvez \u00e9galement stationner dans la rue, pensez \u00e0 laisse une vitesse activ\u00e9e.<\/p>\n","protected":false},"excerpt":{"rendered":"<p>La place de parking situ\u00e9e sous l&rsquo;abris vous est r\u00e9serv\u00e9e. Veuillez faire attention \u00e0 laisser suffisamment de place pour pouvoir sortir les poubelles. Si tel est votre souhait, vous pouvez \u00e9galement stationner dans la rue, pensez \u00e0 laisse une vitesse activ\u00e9e.<\/p>\n","protected":false},"author":1,"featured_media":0,"parent":433,"menu_order":40,"comment_status":"closed","ping_status":"closed","template":"","meta":{"_uag_custom_page_level_css":"","footnotes":""},"class_list":["post-473","page","type-page","status-publish","hentry"],"uagb_featured_image_src":{"full":false,"thumbnail":false,"medium":false,"medium_large":false,"large":false,"1536x1536":false,"2048x2048":false,"post-thumbnail":false,"twentytwenty-fullscreen":false},"uagb_author_info":{"display_name":"djoannet","author_link":"https:\/\/welcome.boutdevolcan.fr\/index.php\/author\/djoannet\/"},"uagb_comment_info":0,"uagb_excerpt":"La place de parking situ\u00e9e sous l&rsquo;abris vous est r\u00e9serv\u00e9e. Veuillez faire attention \u00e0 laisser suffisamment de place pour pouvoir sortir les poubelles. Si tel est votre souhait, vous pouvez \u00e9galement stationner dans la rue, pensez \u00e0 laisse une vitesse activ\u00e9e.","_links":{"self":[{"href":"https:\/\/welcome.boutdevolcan.fr\/index.php\/wp-json\/wp\/v2\/pages\/473","targetHints":{"allow":["GET"]}}],"collection":[{"href":"https:\/\/welcome.boutdevolcan.fr\/index.php\/wp-json\/wp\/v2\/pages"}],"about":[{"href":"https:\/\/welcome.boutdevolcan.fr\/index.php\/wp-json\/wp\/v2\/types\/page"}],"author":[{"embeddable":true,"href":"https:\/\/welcome.boutdevolcan.fr\/index.php\/wp-json\/wp\/v2\/users\/1"}],"replies":[{"embeddable":true,"href":"https:\/\/welcome.boutdevolcan.fr\/index.php\/wp-json\/wp\/v2\/comments?post=473"}],"version-history":[{"count":1,"href":"https:\/\/welcome.boutdevolcan.fr\/index.php\/wp-json\/wp\/v2\/pages\/473\/revisions"}],"predecessor-version":[{"id":476,"href":"https:\/\/welcome.boutdevolcan.fr\/index.php\/wp-json\/wp\/v2\/pages\/473\/revisions\/476"}],"up":[{"embeddable":true,"href":"https:\/\/welcome.boutdevolcan.fr\/index.php\/wp-json\/wp\/v2\/pages\/433"}],"wp:attachment":[{"href":"https:\/\/welcome.boutdevolcan.fr\/index.php\/wp-json\/wp\/v2\/media?parent=473"}],"curies":[{"name":"wp","href":"https:\/\/api.w.org\/{rel}","templated":true}]}}