{"id":457,"date":"2023-08-10T12:16:56","date_gmt":"2023-08-10T10:16:56","guid":{"rendered":"http:\/\/welcome.boutdevolcan.fr\/?page_id=457"},"modified":"2023-08-10T16:41:18","modified_gmt":"2023-08-10T14:41:18","slug":"avant-votre-depart","status":"publish","type":"page","link":"https:\/\/welcome.boutdevolcan.fr\/index.php\/bienvenue\/avant-votre-depart\/","title":{"rendered":"Avant votre d\u00e9part"},"content":{"rendered":"\n<p class=\"has-drop-cap\">Votre s\u00e9jour touche \u00e0 sa fin, nous esp\u00e9rons que vous avez pass\u00e9 un agr\u00e9able s\u00e9jour dans notre g\u00eete.<\/p>\n\n\n\n<p>Veuillez prendre contact la veille avec les propri\u00e9taires pour d\u00e9finir un horaire de d\u00e9part. <br>Afin de faciliter l&rsquo;arriv\u00e9e des prochains locataires, sauf exception, la prestation de m\u00e9nage est incluse dans votre location, cependant, nous vous remercions de bien vouloir suivre quelques consignes lors de votre d\u00e9part :<\/p>\n\n\n\n<ul class=\"wp-block-list\">\n<li>Enlever les draps des lits et les d\u00e9poser au pied du lit.<\/li>\n\n\n\n<li>En cas d&rsquo;absence des propri\u00e9taires, laisser les cl\u00e9s sur la porte.<\/li>\n\n\n\n<li>Passer un petit coup de balai dans le g\u00eete.<\/li>\n\n\n\n<li>Laver et ranger la vaisselle propre ainsi que les ustensiles de cuisine.<\/li>\n\n\n\n<li>Essuyer la table des repas.<\/li>\n\n\n\n<li>Vider et mettre les poubelles dans le container (en pensant au tri s\u00e9lectif).<\/li>\n<\/ul>\n\n\n\n<p>Nous vous remercions pour votre compr\u00e9hension.<\/p>\n\n\n\n<p>Nous vous souhaitons un bon retour chez vous !<\/p>\n\n\n\n<p>Votre avis est important pour nous, car il nous permet de nous am\u00e9liorer et de proposer un meilleur service \u00e0 nos futurs visiteurs.<\/p>\n\n\n\n<p>Si vous avez appr\u00e9ci\u00e9 votre s\u00e9jour, nous vous remercions de bien vouloir laisser un commentaire positif sur la demande que vous allez recevoir de G\u00eete de France.<\/p>\n","protected":false},"excerpt":{"rendered":"<p>Votre s\u00e9jour touche \u00e0 sa fin, nous esp\u00e9rons que vous avez pass\u00e9 un agr\u00e9able s\u00e9jour dans notre g\u00eete. Veuillez prendre contact la veille avec les propri\u00e9taires pour d\u00e9finir un horaire de d\u00e9part. Afin de faciliter l&rsquo;arriv\u00e9e des prochains locataires, sauf exception, la prestation de m\u00e9nage est incluse dans votre location, cependant, nous vous remercions de [&hellip;]<\/p>\n","protected":false},"author":1,"featured_media":0,"parent":77,"menu_order":80,"comment_status":"closed","ping_status":"closed","template":"","meta":{"_uag_custom_page_level_css":"","footnotes":""},"class_list":["post-457","page","type-page","status-publish","hentry"],"uagb_featured_image_src":{"full":false,"thumbnail":false,"medium":false,"medium_large":false,"large":false,"1536x1536":false,"2048x2048":false,"post-thumbnail":false,"twentytwenty-fullscreen":false},"uagb_author_info":{"display_name":"djoannet","author_link":"https:\/\/welcome.boutdevolcan.fr\/index.php\/author\/djoannet\/"},"uagb_comment_info":0,"uagb_excerpt":"Votre s\u00e9jour touche \u00e0 sa fin, nous esp\u00e9rons que vous avez pass\u00e9 un agr\u00e9able s\u00e9jour dans notre g\u00eete. Veuillez prendre contact la veille avec les propri\u00e9taires pour d\u00e9finir un horaire de d\u00e9part. Afin de faciliter l&rsquo;arriv\u00e9e des prochains locataires, sauf exception, la prestation de m\u00e9nage est incluse dans votre location, cependant, nous vous remercions de\u2026","_links":{"self":[{"href":"https:\/\/welcome.boutdevolcan.fr\/index.php\/wp-json\/wp\/v2\/pages\/457","targetHints":{"allow":["GET"]}}],"collection":[{"href":"https:\/\/welcome.boutdevolcan.fr\/index.php\/wp-json\/wp\/v2\/pages"}],"about":[{"href":"https:\/\/welcome.boutdevolcan.fr\/index.php\/wp-json\/wp\/v2\/types\/page"}],"author":[{"embeddable":true,"href":"https:\/\/welcome.boutdevolcan.fr\/index.php\/wp-json\/wp\/v2\/users\/1"}],"replies":[{"embeddable":true,"href":"https:\/\/welcome.boutdevolcan.fr\/index.php\/wp-json\/wp\/v2\/comments?post=457"}],"version-history":[{"count":1,"href":"https:\/\/welcome.boutdevolcan.fr\/index.php\/wp-json\/wp\/v2\/pages\/457\/revisions"}],"predecessor-version":[{"id":459,"href":"https:\/\/welcome.boutdevolcan.fr\/index.php\/wp-json\/wp\/v2\/pages\/457\/revisions\/459"}],"up":[{"embeddable":true,"href":"https:\/\/welcome.boutdevolcan.fr\/index.php\/wp-json\/wp\/v2\/pages\/77"}],"wp:attachment":[{"href":"https:\/\/welcome.boutdevolcan.fr\/index.php\/wp-json\/wp\/v2\/media?parent=457"}],"curies":[{"name":"wp","href":"https:\/\/api.w.org\/{rel}","templated":true}]}}