{"id":408,"date":"2023-08-09T16:57:13","date_gmt":"2023-08-09T14:57:13","guid":{"rendered":"http:\/\/welcome.boutdevolcan.fr\/?page_id=408"},"modified":"2023-08-10T16:39:02","modified_gmt":"2023-08-10T14:39:02","slug":"informations-avant-votre-arrivee","status":"publish","type":"page","link":"https:\/\/welcome.boutdevolcan.fr\/index.php\/bienvenue\/informations-avant-votre-arrivee\/","title":{"rendered":"Informations avant votre arriv\u00e9e"},"content":{"rendered":"\n<p class=\"has-drop-cap\">Nous sommes ravis de vous accueillir prochainement dans notre g\u00eete. L&rsquo;horaire d&rsquo;arriv\u00e9e vous a \u00e9t\u00e9 communiqu\u00e9 par email ou par email, n&rsquo;h\u00e9sitez pas \u00e0 nous contacter pour de plus amples informations. <\/p>\n\n\n\n<p>Nous aurons pr\u00e9par\u00e9 le g\u00eete pour le nombre de personnes indiqu\u00e9 dans la r\u00e9servation. Le lits seront faits et des serviettes de toilette \u00e0 disposition.<\/p>\n\n\n\n<p>En saison, la piscine est pr\u00eate \u00e0 \u00eatre utilis\u00e9e, pour en profiter confortablement, n\u2019oubliez pas vos serviettes de bain. <\/p>\n\n\n\n<p>Le g\u00eete se trouve au&nbsp;<strong>57 bis&nbsp;<\/strong>rue de Terre Blanche \u00e0 C\u00e9bazat. Avec un stationnement et un acc\u00e8s derri\u00e8re le portail marron marqu\u00e9 du logo Gite de France (voir photo). Veuillez ne pas sonner au 57, qui est la maison voisine.<\/p>\n\n\n\n<figure class=\"wp-block-image size-full\"><img loading=\"lazy\" decoding=\"async\" width=\"553\" height=\"460\" src=\"http:\/\/welcome.boutdevolcan.fr\/wp-content\/uploads\/2023\/08\/parking.png\" alt=\"All\u00e9e G\u00eete\" class=\"wp-image-474\" style=\"aspect-ratio:4\/3;object-fit:cover\" srcset=\"https:\/\/welcome.boutdevolcan.fr\/wp-content\/uploads\/2023\/08\/parking.png 553w, https:\/\/welcome.boutdevolcan.fr\/wp-content\/uploads\/2023\/08\/parking-300x250.png 300w\" sizes=\"auto, (max-width: 553px) 100vw, 553px\" \/><\/figure>\n\n\n\n<p>Pour ouvrir le portail, il y a un digicode derri\u00e8re la bo\u00eete aux lettres, le code pour ouvrir est le <strong>5763A<\/strong> (num\u00e9ro de la rue et code du d\u00e9partement + A). Nous vous recommandons de vous garer en marche arri\u00e8re pour faciliter la sortie. Le portail se ferme automatiquement apr\u00e8s quelques minutes.<\/p>\n\n\n\n<p>Nous avons h\u00e2te de vous recevoir et vous souhaitons un agr\u00e9able voyage. Si vous avez des questions, n\u2019h\u00e9sitez pas \u00e0 nous contacter.&nbsp;<\/p>\n\n\n\n<p>Didier et Linda<\/p>\n","protected":false},"excerpt":{"rendered":"<p>Nous sommes ravis de vous accueillir prochainement dans notre g\u00eete. L&rsquo;horaire d&rsquo;arriv\u00e9e vous a \u00e9t\u00e9 communiqu\u00e9 par email ou par email, n&rsquo;h\u00e9sitez pas \u00e0 nous contacter pour de plus amples informations. Nous aurons pr\u00e9par\u00e9 le g\u00eete pour le nombre de personnes indiqu\u00e9 dans la r\u00e9servation. Le lits seront faits et des serviettes de toilette \u00e0 [&hellip;]<\/p>\n","protected":false},"author":1,"featured_media":0,"parent":77,"menu_order":10,"comment_status":"closed","ping_status":"closed","template":"","meta":{"_uag_custom_page_level_css":"","footnotes":""},"class_list":["post-408","page","type-page","status-publish","hentry"],"uagb_featured_image_src":{"full":false,"thumbnail":false,"medium":false,"medium_large":false,"large":false,"1536x1536":false,"2048x2048":false,"post-thumbnail":false,"twentytwenty-fullscreen":false},"uagb_author_info":{"display_name":"djoannet","author_link":"https:\/\/welcome.boutdevolcan.fr\/index.php\/author\/djoannet\/"},"uagb_comment_info":0,"uagb_excerpt":"Nous sommes ravis de vous accueillir prochainement dans notre g\u00eete. L&rsquo;horaire d&rsquo;arriv\u00e9e vous a \u00e9t\u00e9 communiqu\u00e9 par email ou par email, n&rsquo;h\u00e9sitez pas \u00e0 nous contacter pour de plus amples informations. Nous aurons pr\u00e9par\u00e9 le g\u00eete pour le nombre de personnes indiqu\u00e9 dans la r\u00e9servation. Le lits seront faits et des serviettes de toilette \u00e0\u2026","_links":{"self":[{"href":"https:\/\/welcome.boutdevolcan.fr\/index.php\/wp-json\/wp\/v2\/pages\/408","targetHints":{"allow":["GET"]}}],"collection":[{"href":"https:\/\/welcome.boutdevolcan.fr\/index.php\/wp-json\/wp\/v2\/pages"}],"about":[{"href":"https:\/\/welcome.boutdevolcan.fr\/index.php\/wp-json\/wp\/v2\/types\/page"}],"author":[{"embeddable":true,"href":"https:\/\/welcome.boutdevolcan.fr\/index.php\/wp-json\/wp\/v2\/users\/1"}],"replies":[{"embeddable":true,"href":"https:\/\/welcome.boutdevolcan.fr\/index.php\/wp-json\/wp\/v2\/comments?post=408"}],"version-history":[{"count":2,"href":"https:\/\/welcome.boutdevolcan.fr\/index.php\/wp-json\/wp\/v2\/pages\/408\/revisions"}],"predecessor-version":[{"id":475,"href":"https:\/\/welcome.boutdevolcan.fr\/index.php\/wp-json\/wp\/v2\/pages\/408\/revisions\/475"}],"up":[{"embeddable":true,"href":"https:\/\/welcome.boutdevolcan.fr\/index.php\/wp-json\/wp\/v2\/pages\/77"}],"wp:attachment":[{"href":"https:\/\/welcome.boutdevolcan.fr\/index.php\/wp-json\/wp\/v2\/media?parent=408"}],"curies":[{"name":"wp","href":"https:\/\/api.w.org\/{rel}","templated":true}]}}